{"id":42,"date":"2013-02-12T10:27:36","date_gmt":"2013-02-12T09:27:36","guid":{"rendered":"http:\/\/conduite-actuelle.fr\/?page_id=42"},"modified":"2025-02-02T21:38:22","modified_gmt":"2025-02-02T20:38:22","slug":"conduite-supervisee","status":"publish","type":"page","link":"https:\/\/conduite-actuelle.com\/?page_id=42","title":{"rendered":"Conduite Supervis\u00e9e Bo\u00eete Manuelle"},"content":{"rendered":"<div class=\"post-content\"><p><strong>Qu&rsquo;est-ce que la Conduite supervis\u00e9e&nbsp;?<\/strong><\/p>\n<p>C&rsquo;est une variante de la conduite accompagn\u00e9e, tr\u00e8s utile pour minimiser les co\u00fbts de formation. Elle permet aux \u00e9l\u00e8ves, \u00e2g\u00e9s de 18 ans et plus, de conduire avec un accompagnateur, pendant une dur\u00e9e conseill\u00e9e de 3 mois, en parcourant un minimum de 1000&nbsp; km pour acqu\u00e9rir une bonne exp\u00e9rience de la route.<\/p>\n<p>La conduite supervis\u00e9e peut aussi s&rsquo;appliquer dans le cadre d&rsquo;un \u00e9chec \u00e0 l&rsquo;\u00e9preuve pratique du permis de conduire, permettant ainsi \u00e0 l&rsquo;\u00e9l\u00e8ve de continuer \u00e0 se perfectionner sans perdre ses acquis le temps d&rsquo;obtenir une nouvelle date de passage.<\/p>\n\n<a href=\"https:\/\/conduite-actuelle.com\/wp-content\/uploads\/2025\/02\/CS-sur-boite-manuelle.pdf\" class=\"pdfemb-viewer\" style=\"\" data-width=\"max\" data-height=\"max\" data-toolbar=\"bottom\" data-toolbar-fixed=\"off\">CS-sur-boite-manuelle<\/a><\/div>","protected":false},"excerpt":{"rendered":"<p>Qu&rsquo;est-ce que la Conduite supervis\u00e9e&nbsp;? C&rsquo;est une variante de la conduite accompagn\u00e9e, tr\u00e8s utile pour minimiser<a href=\"https:\/\/conduite-actuelle.com\/?page_id=42\">Know More<i class=\"fa fa-long-arrow-right\" aria-hidden=\"true\"><\/i><\/a><\/p>\n","protected":false},"author":4,"featured_media":0,"parent":0,"menu_order":0,"comment_status":"closed","ping_status":"open","template":"","meta":{"footnotes":""},"class_list":["post-42","page","type-page","status-publish","hentry"],"_links":{"self":[{"href":"https:\/\/conduite-actuelle.com\/index.php?rest_route=\/wp\/v2\/pages\/42","targetHints":{"allow":["GET"]}}],"collection":[{"href":"https:\/\/conduite-actuelle.com\/index.php?rest_route=\/wp\/v2\/pages"}],"about":[{"href":"https:\/\/conduite-actuelle.com\/index.php?rest_route=\/wp\/v2\/types\/page"}],"author":[{"embeddable":true,"href":"https:\/\/conduite-actuelle.com\/index.php?rest_route=\/wp\/v2\/users\/4"}],"replies":[{"embeddable":true,"href":"https:\/\/conduite-actuelle.com\/index.php?rest_route=%2Fwp%2Fv2%2Fcomments&post=42"}],"version-history":[{"count":14,"href":"https:\/\/conduite-actuelle.com\/index.php?rest_route=\/wp\/v2\/pages\/42\/revisions"}],"predecessor-version":[{"id":1140,"href":"https:\/\/conduite-actuelle.com\/index.php?rest_route=\/wp\/v2\/pages\/42\/revisions\/1140"}],"wp:attachment":[{"href":"https:\/\/conduite-actuelle.com\/index.php?rest_route=%2Fwp%2Fv2%2Fmedia&parent=42"}],"curies":[{"name":"wp","href":"https:\/\/api.w.org\/{rel}","templated":true}]}}